base 3, what is -220001210 + 112?
-220001021
In base 5, what is -3 - -3021431?
3021423
In base 12, what is -198 - 21?
-1b9
In base 16, what is 1 - -5f65?
5f66
In base 14, what is 1d6d0 - 16?
1d6b8
In base 7, what is -6 + -464?
-503
In base 11, what is -2822 - 107?
-2929
In base 6, what is -100 + -1030235?
-1030335
In base 7, what is 1610316 - 1?
1610315
In base 3, what is -11 + -210202122?
-210202210
In base 3, what is -211210 + 110001?
-101202
In base 2, what is -10001101 - -101010101011?
101000011110
In base 15, what is 913 - d1?
832
In base 16, what is -3 + 19c4a?
19c47
In base 9, what is 2 - -28715?
28717
In base 6, what is 201202 - 4?
201154
In base 11, what is 2 + -44089?
-44087
In base 16, what is -1b3f + 4e?
-1af1
In base 7, what is -1655 + 1106?
-546
In base 3, what is 10 + -121012200221?
-121012200211
In base 10, what is 1 + -1896330?
-1896329
In base 4, what is -1331022010 + -2?
-1331022012
In base 12, what is -2 - 19320?
-19322
In base 12, what is -19a484a + -2?
-19a4850
In base 7, what is -2 + 6022?
6020
In base 14, what is 1242a8 - -3?
1242ab
In base 2, what is -1100110100101 + 1000000101?
-1011110100000
In base 9, what is -125 + -1111?
-1236
In base 9, what is -6 - -18844?
18837
In base 3, what is 112 + 1001000012?
1001000201
In base 8, what is 117 + 343?
462
In base 15, what is 18d3 + -2?
18d1
In base 13, what is 30 - -749?
779
In base 16, what is 5b - b29?
-ace
In base 13, what is 1b1 - -a7?
288
In base 7, what is -2663 - 41?
-3034
In base 10, what is 1 + 50263?
50264
In base 14, what is -2 + 4220?
421c
In base 6, what is 145355 - -324?
150123
In base 11, what is 722 + 5515?
6137
In base 8, what is 631321 + -4?
631315
In base 13, what is 5c20 - -1?
5c21
In base 16, what is -b4 - -335?
281
In base 4, what is -1010211 + -1?
-1010212
In base 6, what is -3 + -1050540?
-1050543
In base 12, what is -3 + 47bab?
47ba8
In base 6, what is -3440 + 154?
-3242
In base 15, what is 469 + 65?
4ce
In base 11, what is -5 + -1a2761?
-1a2766
In base 15, what is 73 - -1681?
1704
In base 11, what is 8a2 + 1a82?
2874
In base 14, what is 3 + c661?
c664
In base 3, what is -200 + -1201020202?
-1201021102
In base 7, what is 32202 + -1400?
30502
In base 4, what is -13123301 + -1?
-13123302
In base 6, what is 134 - 24210?
-24032
In base 12, what is -1188 - -5b?
-1129
In base 4, what is -1110 + 211331?
210221
In base 11, what is -2 + 340753?
340751
In base 3, what is -20 + 222202200?
222202110
In base 9, what is 51 + -415?
-354
In base 5, what is 314003 - 201?
313302
In base 7, what is -44616 - -3?
-44613
In base 4, what is -1 + 1111112310?
1111112303
In base 14, what is -81da + -4?
-8200
In base 3, what is -102 - -100101?
22222
In base 5, what is 112 - 112400?
-112233
In base 3, what is 10010200111 - 2?
10010200102
In base 13, what is 5 + 8484?
8489
In base 3, what is 1110 - -1121011?
1122121
In base 2, what is -11 + -1001010011110?
-1001010100001
In base 9, what is 5 + 1818?
1824
In base 11, what is -2 + 144809?
144807
In base 12, what is 4a69 - -79?
4b26
In base 12, what is -84524 - -5?
-8451b
In base 11, what is 16 + 3692a?
36945
In base 2, what is -101 - 10001101001110011101?
-10001101001110100010
In base 5, what is 4 + -12332234?
-12332230
In base 6, what is -242051 - -4?
-242043
In base 6, what is 4420112 - -41?
4420153
In base 3, what is -12 + 101100020210?
101100020121
In base 15, what is 306 + 2c?
333
In base 11, what is 4 - -25a39?
25a42
In base 7, what is 14 - 22632?
-22615
In base 11, what is -496 + 508?
22
In base 12, what is -2a + -225?
-253
In base 5, what is -12332003 + 13?
-12331440
In base 7, what is -126 + 4203?
4044
In base 12, what is 3 + -662b2?
-662ab
In base 6, what is -12444 - -5113?
-3331
In base 8, what is 211664 + 4?
211670
In base 15, what is 2004 + 3c?
2041
In base 9, what is -1015210 + -7?
-1015217
In base 14, what is 9c45d + -5?
9c458
In base 8, what is -163 - -33554?
33371
In base 14, what is -7 - -6496?
648d
In base 7, what is -112 + 5?
-104
In base 14, what is -4a - 396?
-402
In base 7, what is 0 + -210145?
-210145
In base 16, what is -916af - -4?
-916ab
In base 10, what is 77 - -2716?
2793
In base 6, what is -111 - 13110?
-13221
In base 12, what is 8 + 9636?
9642
In base 9, what is -268464 + -10?
-268474
In base 15, what is 20c - -37?
244
In base 2, what is -10111111101001011 + 1000?
-10111111101000011
In base 11, what is -13 - 117a?
-1192
In base 2, what is -1010100111 - -1011101001?
1000010
In base 14, what is 6 - 2013?
-200b
In base 16, what is 5d4 + b8?
68c
In base 2, what is -1000 + 11101011000010?
11101010111010
In base 2, what is 10 + 100010000010111011101?
100010000010111011111
In base 6, what is 31513 + -1?
31512
In base 5, what is 1441 + -2304?
-313
In base 7, what is 1152435 + 1?
1152436
In base 8, what is 150 + 1121?
1271
In base 8, what is -4362 - -417?
-3743
In base 13, what is 344512 - 2?
344510
In base 6, what is 0 - -4120550?
4120550
In base 10, what is -649499 + 5?
-649494
In base 16, what is 303 + -1c?
2e7
In base 8, what is -27050 - -5?
-27043
In base 14, what is -25 - -2a19?
29d4
In base 5, what is 1011030 - 1114?
1004411
In base 10, what is -84832 - 0?
-84832
In base 16, what is 1027d + -3?
1027a
In base 3, what is -2 + -21121021?
-21121100
In base 4, what is -103231101 - 0?
-103231101
In base 5, what is 3 - 41124304?
-41124301
In base 11, what is 16a2321 + 2?
16a2323
In base 15, what is -8980 - -50?
-8930
In base 12, what is 7 - -218b7?
21902
In base 14, what is -457023 + 1?
-457022
In base 8, what is -400 + -1155?
-1555
In base 7, what is 4 - 51401?
-51364
In base 8, what is -4 + -3273341?
-3273345
In base 16, what is -21 - -4e3?
4c2
In base 14, what is c9 + -6?
c3
In base 2, what is -1010100111101111 - 100?
-1010100111110011
In base 2, what is 10010011011 - -100101011?
10111000110
In base 12, what is -19116 + 2?
-19114
In base 4, what is -1110013 + 22?
-1103331
In base 7, what is 2463043 - 5?
2463035
In base 3, what is -1020100102101 - 10?
-1020100102111
In base 6, what is 1 + -113305?
-113304
In base 3, what is -1101101100012 + -10?
-1101101100022
In base 16, what is 2761e0 + 2?
2761e2
In base 6, what is -224520 + 2?
-224514
In base 10, what is 261077 - -1?
261078
In base 16, what is 1f15 + 4?
1f19
In base 9, what is -12177 + 11?
-12166
In base 16, what is 0 + -1056e?
-1056e
In base 16, what is 2a7fa - 5?
2a7f5
In base 13, what is 3a44 + -1?
3a43
In base 15, what is 3c - -6a7?
6e4
In base 14, what is -ab2b - 1b?
-ab48
In base 2, what is 11 + 100001010101001?
100001010101100
In base 11, what is -6a3 + 15?
-689
In base 11, what is 1263 - -12?
1275
In base 3, what is 102010110 + 1202?
102012012
In base 15, what is -43 - b63?
-ba6
In base 2, what is 11 + -111011101111010?
-111011101110111
In base 15, what is -cc1 - -4d?
-c73
In base 16, what is 270 - 17?
259
In base 15, what is 942d9 - 3?
942d6
In base 11, what is -96727 - 5?
-96731
In base 4, what is -2132220 + 2?
-2132212
In base 15, what is 3cd74 - 3?
3cd71
In base 15, what is e03 + -7?
deb
In base 3, what is 20012201 - -10112?
20100020
In base 8, what is 1462 - 36?
1424
In base 12, what is 4 + 440a?
4412
In base 10, what is -1 + -9647?
-9648
In base 7, what is 5 - 305230?
-305222
In base 5, what is 21402 - 2?
21400
In base 9, what is -22 + -72532?
-72554
In base 10, what is -6 + -135327?
-135333
In base 5, what is 22414 - 1333?
21031
In base 12, what is 1175 - 27?
114a
In base 9, what is -1554 - -568?
-875
In base 3, what is -2 + -1112110211?
-1112110220
In base 4, what is -211221 + 110220?
-101001
In base 7, what is -3 - -164306?
164303
In base 13, what is -452 + 382?
-a0
In base 9, what is 27 - 37643?
-37615
In base 2, what is -10000000111011011011111 - -1?
-10000000111011011011110
In base 16, what is 1 - -1413?
1414
In base 2, what is -100 - -110011100011111011?
110011100011110111
In base 9, what is -18654 + 0?
-18654
In base 10, what is -660 + 26?
-634
In base 6, what is -43 + 11?
-32
In base 8, what is 4 + -536?
-532
In base 15, what is -8c + -52e?
-5bb
In base 13, what is 1 + 121ba?
121bb
In base 13, what is 300a + 17?
3024
In base 2, what is -100001000111111 + 101000?
-100001000010111
In base 8, what is -1 + 164742?
164741
In base 15, what is -2 - -41e5?
41e3
In base 4, what is 1202 - -2001?
3203
In base 13, what is -25ca6 + -1?
-25